{"id":3041,"date":"2020-12-29T13:28:39","date_gmt":"2020-12-29T13:28:39","guid":{"rendered":"https:\/\/plataformafosaspaterna.org\/?page_id=3041"},"modified":"2025-12-26T17:40:16","modified_gmt":"2025-12-26T17:40:16","slug":"qui-som","status":"publish","type":"page","link":"https:\/\/plataformafosaspaterna.org\/?page_id=3041","title":{"rendered":"Qui\u00e9nes somos"},"content":{"rendered":"\t\t<div data-elementor-type=\"wp-page\" data-elementor-id=\"3041\" class=\"elementor elementor-3041\">\n\t\t\t\t\t\t<section class=\"elementor-section elementor-top-section elementor-element elementor-element-46373a58 elementor-reverse-mobile elementor-section-boxed elementor-section-height-default elementor-section-height-default\" data-id=\"46373a58\" data-element_type=\"section\" data-e-type=\"section\">\n\t\t\t\t\t\t<div class=\"elementor-container elementor-column-gap-narrow\">\n\t\t\t\t\t<div class=\"elementor-column elementor-col-50 elementor-top-column elementor-element elementor-element-3ba40f9\" data-id=\"3ba40f9\" data-element_type=\"column\" data-e-type=\"column\">\n\t\t\t<div class=\"elementor-widget-wrap elementor-element-populated\">\n\t\t\t\t\t\t<div class=\"elementor-element elementor-element-7c8bc088 elementor-widget elementor-widget-text-editor\" data-id=\"7c8bc088\" data-element_type=\"widget\" data-e-type=\"widget\" data-widget_type=\"text-editor.default\">\n\t\t\t\t<div class=\"elementor-widget-container\">\n\t\t\t\t\t\t\t\t\t<p class=\"p1\">\u00a0<\/p><p dir=\"ltr\" style=\"line-height: 1.38; text-align: justify; margin-top: 12pt; margin-bottom: 12pt;\"><span style=\"font-size: 11pt; font-family: Arial; color: #000000; background-color: transparent; font-weight: 400; font-style: normal; font-variant: normal; text-decoration: none; vertical-align: baseline; white-space: pre-wrap;\">La PLATAFORMA DE ASOCIACIONES DE FAMILIARES DE V\u00edCTIMAS DEL FRANQUISMO DE LAS FOSAS COMUNES DE PATERNA se constituy\u00f3 el <strong>4 de marzo de 2019<\/strong> y reune a m\u00e1s de <strong>500 familias<\/strong> repartidas por todo el territorio espa\u00f1ol. Es una <strong>federaci\u00f3n<\/strong> que agrupa a diversas <strong>asociaciones de familiares de personas represaliadas por el franquismo y enterradas en las fosas comunes del cementerio de Paterna<\/strong> (Valencia). Dichas asociaciones est\u00e1n inscritas en el Registro de Entidades Memorialistas de la Comunidad Valenciana.<\/span><\/p>\t\t\t\t\t\t\t\t<\/div>\n\t\t\t\t<\/div>\n\t\t\t\t\t<\/div>\n\t\t<\/div>\n\t\t\t\t<div class=\"elementor-column elementor-col-50 elementor-top-column elementor-element elementor-element-14b578df\" data-id=\"14b578df\" data-element_type=\"column\" data-e-type=\"column\">\n\t\t\t<div class=\"elementor-widget-wrap elementor-element-populated\">\n\t\t\t\t\t\t<div class=\"elementor-element elementor-element-7289dce5 elementor-widget elementor-widget-image\" data-id=\"7289dce5\" data-element_type=\"widget\" data-e-type=\"widget\" data-widget_type=\"image.default\">\n\t\t\t\t<div class=\"elementor-widget-container\">\n\t\t\t\t\t\t\t\t\t\t\t\t\t\t\t\t<a href=\"https:\/\/plataformafosaspaterna.org\/wp-content\/uploads\/2020\/11\/Plataforma2-1.jpg\" data-elementor-open-lightbox=\"yes\" data-elementor-lightbox-title=\"Plataforma2\" data-e-action-hash=\"#elementor-action%3Aaction%3Dlightbox%26settings%3DeyJpZCI6Njc2LCJ1cmwiOiJodHRwczpcL1wvcGxhdGFmb3JtYWZvc2FzcGF0ZXJuYS5vcmdcL3dwLWNvbnRlbnRcL3VwbG9hZHNcLzIwMjBcLzExXC9QbGF0YWZvcm1hMi0xLmpwZyJ9\">\n\t\t\t\t\t\t\t<img fetchpriority=\"high\" decoding=\"async\" width=\"1024\" height=\"576\" src=\"https:\/\/plataformafosaspaterna.org\/wp-content\/uploads\/2020\/11\/Plataforma2-1-1024x576.jpg\" class=\"attachment-large size-large wp-image-676\" alt=\"\" srcset=\"https:\/\/plataformafosaspaterna.org\/wp-content\/uploads\/2020\/11\/Plataforma2-1-1024x576.jpg 1024w, https:\/\/plataformafosaspaterna.org\/wp-content\/uploads\/2020\/11\/Plataforma2-1-300x169.jpg 300w, https:\/\/plataformafosaspaterna.org\/wp-content\/uploads\/2020\/11\/Plataforma2-1-768x432.jpg 768w, https:\/\/plataformafosaspaterna.org\/wp-content\/uploads\/2020\/11\/Plataforma2-1-1536x864.jpg 1536w, https:\/\/plataformafosaspaterna.org\/wp-content\/uploads\/2020\/11\/Plataforma2-1.jpg 1920w\" sizes=\"(max-width: 1024px) 100vw, 1024px\" \/>\t\t\t\t\t\t\t\t<\/a>\n\t\t\t\t\t\t\t\t\t\t\t\t\t\t\t<\/div>\n\t\t\t\t<\/div>\n\t\t\t\t\t<\/div>\n\t\t<\/div>\n\t\t\t\t\t<\/div>\n\t\t<\/section>\n\t\t\t\t<section class=\"elementor-section elementor-top-section elementor-element elementor-element-c59093d elementor-section-content-middle elementor-section-boxed elementor-section-height-default elementor-section-height-default\" data-id=\"c59093d\" data-element_type=\"section\" data-e-type=\"section\">\n\t\t\t\t\t\t<div class=\"elementor-container elementor-column-gap-no\">\n\t\t\t\t\t<div class=\"elementor-column elementor-col-100 elementor-top-column elementor-element elementor-element-7495c02\" data-id=\"7495c02\" data-element_type=\"column\" data-e-type=\"column\">\n\t\t\t<div class=\"elementor-widget-wrap elementor-element-populated\">\n\t\t\t\t\t\t<div class=\"elementor-element elementor-element-4f6eddd elementor-widget elementor-widget-heading\" data-id=\"4f6eddd\" data-element_type=\"widget\" data-e-type=\"widget\" data-widget_type=\"heading.default\">\n\t\t\t\t<div class=\"elementor-widget-container\">\n\t\t\t\t\t<h4 class=\"elementor-heading-title elementor-size-default\">El art\u00edculo 4.a de nuestros Estatutos establece que el objetivo principal de la Plataforma es \"conseguir que los procesos de exhumaci\u00f3n de las m\u00e1s de 20 fosas actualmente en marcha y de las que puedan aparecer en un futuro en el Cementerio de Paterna, culminen con normalidad e igualdad, restituyendo el espacio a su situaci\u00f3n original con la dignificaci\u00f3n que contempla las Leyes de la Memoria estatal y auton\u00f3mica\"<\/h4>\t\t\t\t<\/div>\n\t\t\t\t<\/div>\n\t\t\t\t<section class=\"elementor-section elementor-inner-section elementor-element elementor-element-6d791779 elementor-section-content-middle elementor-section-boxed elementor-section-height-default elementor-section-height-default\" data-id=\"6d791779\" data-element_type=\"section\" data-e-type=\"section\">\n\t\t\t\t\t\t<div class=\"elementor-container elementor-column-gap-no\">\n\t\t\t\t\t<div class=\"elementor-column elementor-col-100 elementor-inner-column elementor-element elementor-element-3df92fe8\" data-id=\"3df92fe8\" data-element_type=\"column\" data-e-type=\"column\">\n\t\t\t<div class=\"elementor-widget-wrap elementor-element-populated\">\n\t\t\t\t\t\t<div class=\"elementor-element elementor-element-14a5e555 elementor-align-center elementor-widget elementor-widget-button\" data-id=\"14a5e555\" data-element_type=\"widget\" data-e-type=\"widget\" data-widget_type=\"button.default\">\n\t\t\t\t<div class=\"elementor-widget-container\">\n\t\t\t\t\t\t\t\t\t<div class=\"elementor-button-wrapper\">\n\t\t\t\t\t<a class=\"elementor-button elementor-button-link elementor-size-sm elementor-animation-grow\" href=\"https:\/\/plataformafosaspaterna.org\/wp-content\/uploads\/2020\/11\/ESTATUTOS-PLATAFORMA.pdf\">\n\t\t\t\t\t\t<span class=\"elementor-button-content-wrapper\">\n\t\t\t\t\t\t<span class=\"elementor-button-icon\">\n\t\t\t\t<i aria-hidden=\"true\" class=\"far fa-file-pdf\"><\/i>\t\t\t<\/span>\n\t\t\t\t\t\t\t\t\t<span class=\"elementor-button-text\">Estatutos<\/span>\n\t\t\t\t\t<\/span>\n\t\t\t\t\t<\/a>\n\t\t\t\t<\/div>\n\t\t\t\t\t\t\t\t<\/div>\n\t\t\t\t<\/div>\n\t\t\t\t\t<\/div>\n\t\t<\/div>\n\t\t\t\t\t<\/div>\n\t\t<\/section>\n\t\t\t\t\t<\/div>\n\t\t<\/div>\n\t\t\t\t\t<\/div>\n\t\t<\/section>\n\t\t\t\t<section class=\"elementor-section elementor-top-section elementor-element elementor-element-9f7522b elementor-section-boxed elementor-section-height-default elementor-section-height-default\" data-id=\"9f7522b\" data-element_type=\"section\" data-e-type=\"section\">\n\t\t\t\t\t\t<div class=\"elementor-container elementor-column-gap-default\">\n\t\t\t\t\t<div class=\"elementor-column elementor-col-100 elementor-top-column elementor-element elementor-element-071a880\" data-id=\"071a880\" data-element_type=\"column\" data-e-type=\"column\">\n\t\t\t<div class=\"elementor-widget-wrap elementor-element-populated\">\n\t\t\t\t\t\t<div class=\"elementor-element elementor-element-e288833 elementor-widget elementor-widget-heading\" data-id=\"e288833\" data-element_type=\"widget\" data-e-type=\"widget\" data-widget_type=\"heading.default\">\n\t\t\t\t<div class=\"elementor-widget-container\">\n\t\t\t\t\t<h4 class=\"elementor-heading-title elementor-size-default\">Junta Plataforma  Fosas de Paterna\u200b<\/h4>\t\t\t\t<\/div>\n\t\t\t\t<\/div>\n\t\t\t\t\t<\/div>\n\t\t<\/div>\n\t\t\t\t\t<\/div>\n\t\t<\/section>\n\t\t\t\t<section class=\"elementor-section elementor-top-section elementor-element elementor-element-dabe693 elementor-section-boxed elementor-section-height-default elementor-section-height-default\" data-id=\"dabe693\" data-element_type=\"section\" data-e-type=\"section\">\n\t\t\t\t\t\t<div class=\"elementor-container elementor-column-gap-default\">\n\t\t\t\t\t<div class=\"elementor-column elementor-col-100 elementor-top-column elementor-element elementor-element-be40267\" data-id=\"be40267\" data-element_type=\"column\" data-e-type=\"column\">\n\t\t\t<div class=\"elementor-widget-wrap elementor-element-populated\">\n\t\t\t\t\t\t<div class=\"elementor-element elementor-element-9abf8af elementor-widget elementor-widget-text-editor\" data-id=\"9abf8af\" data-element_type=\"widget\" data-e-type=\"widget\" data-widget_type=\"text-editor.default\">\n\t\t\t\t<div class=\"elementor-widget-container\">\n\t\t\t\t\t\t\t\t\t<ul><li><p class=\"p2\"><span style=\"background-color: var(--nv-site-bg); color: var(--nv-text-color); font-family: Graphik,-apple-system,BlinkMacSystemFont,Segoe UI,var(--nv-fallback-ff); letter-spacing: 0px;\">La junta de la Plataforma est\u00e1 compuesta por:<\/span><\/p><ul class=\"ul1\"><li style=\"list-style-type: none;\"><ul class=\"ul1\"><li style=\"list-style-type: none;\"><ul class=\"ul1\"><li style=\"list-style-type: none;\"><ul class=\"ul1\"><li style=\"list-style-type: none;\"><ul class=\"ul1\"><li style=\"list-style-type: none;\"><ul class=\"ul1\"><li style=\"list-style-type: none;\"><ul class=\"ul1\"><li class=\"li3\"><b>Presidencia<\/b>: Amparo Belmonte Orts<\/li><li class=\"li3\"><b>Vicepresidencia<\/b>: Pedro Luis Alonso Guti\u00e9rrez<\/li><li class=\"li3\"><b>Secretar\u00eda<\/b>: Daniel Gal\u00e1n Valero<\/li><li class=\"li3\"><b>Tesorer\u00eda<\/b>: Carolina Mart\u00ednez Murcia<\/li><li class=\"li3\"><b>Vocal<\/b>:\u00a0Isabel G\u00f3mez Iranzo<\/li><\/ul><\/li><\/ul><\/li><\/ul><\/li><\/ul><\/li><\/ul><\/li><\/ul><\/li><\/ul><\/li><\/ul>\t\t\t\t\t\t\t\t<\/div>\n\t\t\t\t<\/div>\n\t\t\t\t\t<\/div>\n\t\t<\/div>\n\t\t\t\t\t<\/div>\n\t\t<\/section>\n\t\t\t\t<\/div>\n\t\t","protected":false},"excerpt":{"rendered":"<p>\u00a0 La PLATAFORMA DE ASOCIACIONES DE FAMILIARES DE V\u00edCTIMAS DEL FRANQUISMO DE LAS FOSAS COMUNES DE PATERNA se constituy\u00f3 el 4 de marzo de 2019 y reune a m\u00e1s de 500 familias repartidas por todo el territorio espa\u00f1ol. Es una federaci\u00f3n que agrupa a diversas asociaciones de familiares de personas represaliadas por el franquismo y&hellip;&nbsp;<a href=\"https:\/\/plataformafosaspaterna.org\/?page_id=3041\" class=\"\" rel=\"bookmark\">Leer m\u00e1s &raquo;<span class=\"screen-reader-text\">Qui\u00e9nes somos<\/span><\/a><\/p>\n","protected":false},"author":2,"featured_media":0,"parent":0,"menu_order":0,"comment_status":"closed","ping_status":"closed","template":"page-templates\/template-pagebuilder-full-width.php","meta":{"_monsterinsights_skip_tracking":false,"_monsterinsights_sitenote_active":false,"_monsterinsights_sitenote_note":"","_monsterinsights_sitenote_category":0,"neve_meta_sidebar":"full-width","neve_meta_container":"","neve_meta_enable_content_width":"on","neve_meta_content_width":100,"neve_meta_title_alignment":"","neve_meta_author_avatar":"","neve_post_elements_order":"","neve_meta_disable_header":"","neve_meta_disable_footer":"","neve_meta_disable_title":"","footnotes":""},"class_list":["post-3041","page","type-page","status-publish","hentry"],"lang":"es","translations":{"es":3041},"pll_sync_post":[],"_links":{"self":[{"href":"https:\/\/plataformafosaspaterna.org\/index.php?rest_route=\/wp\/v2\/pages\/3041","targetHints":{"allow":["GET"]}}],"collection":[{"href":"https:\/\/plataformafosaspaterna.org\/index.php?rest_route=\/wp\/v2\/pages"}],"about":[{"href":"https:\/\/plataformafosaspaterna.org\/index.php?rest_route=\/wp\/v2\/types\/page"}],"author":[{"embeddable":true,"href":"https:\/\/plataformafosaspaterna.org\/index.php?rest_route=\/wp\/v2\/users\/2"}],"replies":[{"embeddable":true,"href":"https:\/\/plataformafosaspaterna.org\/index.php?rest_route=%2Fwp%2Fv2%2Fcomments&post=3041"}],"version-history":[{"count":53,"href":"https:\/\/plataformafosaspaterna.org\/index.php?rest_route=\/wp\/v2\/pages\/3041\/revisions"}],"predecessor-version":[{"id":4679,"href":"https:\/\/plataformafosaspaterna.org\/index.php?rest_route=\/wp\/v2\/pages\/3041\/revisions\/4679"}],"wp:attachment":[{"href":"https:\/\/plataformafosaspaterna.org\/index.php?rest_route=%2Fwp%2Fv2%2Fmedia&parent=3041"}],"curies":[{"name":"wp","href":"https:\/\/api.w.org\/{rel}","templated":true}]}}

Quiénes somos

<div data-elementor-type="wp-page" data-elementor-id="3041" class="elementor elementor-3041">
						<section class="elementor-section elementor-top-section elementor-element elementor-element-46373a58 elementor-reverse-mobile elementor-section-boxed elementor-section-height-default elementor-section-height-default" data-id="46373a58" data-element_type="section" data-e-type="section">
						<div class="elementor-container elementor-column-gap-narrow">
					<div class="elementor-column elementor-col-50 elementor-top-column elementor-element elementor-element-3ba40f9" data-id="3ba40f9" data-element_type="column" data-e-type="column">
			<div class="elementor-widget-wrap elementor-element-populated">
						<div class="elementor-element elementor-element-7c8bc088 elementor-widget elementor-widget-text-editor" data-id="7c8bc088" data-element_type="widget" data-e-type="widget" data-widget_type="text-editor.default">
				<div class="elementor-widget-container">
									<p class="p1"> </p><p dir="ltr" style="line-height: 1.38; text-align: justify; margin-top: 12pt; margin-bottom: 12pt;"><span style="font-size: 11pt; font-family: Arial; color: #000000; background-color: transparent; font-weight: 400; font-style: normal; font-variant: normal; text-decoration: none; vertical-align: baseline; white-space: pre-wrap;">La PLATAFORMA DE ASOCIACIONES DE FAMILIARES DE VíCTIMAS DEL FRANQUISMO DE LAS FOSAS COMUNES DE PATERNA se constituyó el <strong>4 de marzo de 2019</strong> y reune a más de <strong>500 familias</strong> repartidas por todo el territorio español. Es una <strong>federación</strong> que agrupa a diversas <strong>asociaciones de familiares de personas represaliadas por el franquismo y enterradas en las fosas comunes del cementerio de Paterna</strong> (Valencia). Dichas asociaciones están inscritas en el Registro de Entidades Memorialistas de la Comunidad Valenciana.</span></p>								</div>
				</div>
					</div>
		</div>
				<div class="elementor-column elementor-col-50 elementor-top-column elementor-element elementor-element-14b578df" data-id="14b578df" data-element_type="column" data-e-type="column">
			<div class="elementor-widget-wrap elementor-element-populated">
						<div class="elementor-element elementor-element-7289dce5 elementor-widget elementor-widget-image" data-id="7289dce5" data-element_type="widget" data-e-type="widget" data-widget_type="image.default">
				<div class="elementor-widget-container">
																<a href="https://plataformafosaspaterna.org/wp-content/uploads/2020/11/Plataforma2-1.jpg" data-elementor-open-lightbox="yes" data-elementor-lightbox-title="Plataforma2" data-e-action-hash="#elementor-action%3Aaction%3Dlightbox%26settings%3DeyJpZCI6Njc2LCJ1cmwiOiJodHRwczpcL1wvcGxhdGFmb3JtYWZvc2FzcGF0ZXJuYS5vcmdcL3dwLWNvbnRlbnRcL3VwbG9hZHNcLzIwMjBcLzExXC9QbGF0YWZvcm1hMi0xLmpwZyJ9">
							<img fetchpriority="high" decoding="async" width="1024" height="576" src="https://plataformafosaspaterna.org/wp-content/uploads/2020/11/Plataforma2-1-1024x576.jpg" class="attachment-large size-large wp-image-676" alt="" srcset="https://plataformafosaspaterna.org/wp-content/uploads/2020/11/Plataforma2-1-1024x576.jpg 1024w, https://plataformafosaspaterna.org/wp-content/uploads/2020/11/Plataforma2-1-300x169.jpg 300w, https://plataformafosaspaterna.org/wp-content/uploads/2020/11/Plataforma2-1-768x432.jpg 768w, https://plataformafosaspaterna.org/wp-content/uploads/2020/11/Plataforma2-1-1536x864.jpg 1536w, https://plataformafosaspaterna.org/wp-content/uploads/2020/11/Plataforma2-1.jpg 1920w" sizes="(max-width: 1024px) 100vw, 1024px" />								</a>
															</div>
				</div>
					</div>
		</div>
					</div>
		</section>
				<section class="elementor-section elementor-top-section elementor-element elementor-element-c59093d elementor-section-content-middle elementor-section-boxed elementor-section-height-default elementor-section-height-default" data-id="c59093d" data-element_type="section" data-e-type="section">
						<div class="elementor-container elementor-column-gap-no">
					<div class="elementor-column elementor-col-100 elementor-top-column elementor-element elementor-element-7495c02" data-id="7495c02" data-element_type="column" data-e-type="column">
			<div class="elementor-widget-wrap elementor-element-populated">
						<div class="elementor-element elementor-element-4f6eddd elementor-widget elementor-widget-heading" data-id="4f6eddd" data-element_type="widget" data-e-type="widget" data-widget_type="heading.default">
				<div class="elementor-widget-container">
					<h4 class="elementor-heading-title elementor-size-default">El artículo 4.a de nuestros Estatutos establece que el objetivo principal de la Plataforma es "conseguir que los procesos de exhumación de las más de 20 fosas actualmente en marcha y de las que puedan aparecer en un futuro en el Cementerio de Paterna, culminen con normalidad e igualdad, restituyendo el espacio a su situación original con la dignificación que contempla las Leyes de la Memoria estatal y autonómica"</h4>				</div>
				</div>
				<section class="elementor-section elementor-inner-section elementor-element elementor-element-6d791779 elementor-section-content-middle elementor-section-boxed elementor-section-height-default elementor-section-height-default" data-id="6d791779" data-element_type="section" data-e-type="section">
						<div class="elementor-container elementor-column-gap-no">
					<div class="elementor-column elementor-col-100 elementor-inner-column elementor-element elementor-element-3df92fe8" data-id="3df92fe8" data-element_type="column" data-e-type="column">
			<div class="elementor-widget-wrap elementor-element-populated">
						<div class="elementor-element elementor-element-14a5e555 elementor-align-center elementor-widget elementor-widget-button" data-id="14a5e555" data-element_type="widget" data-e-type="widget" data-widget_type="button.default">
				<div class="elementor-widget-container">
									<div class="elementor-button-wrapper">
					<a class="elementor-button elementor-button-link elementor-size-sm elementor-animation-grow" href="https://plataformafosaspaterna.org/wp-content/uploads/2020/11/ESTATUTOS-PLATAFORMA.pdf">
						<span class="elementor-button-content-wrapper">
						<span class="elementor-button-icon">
				<i aria-hidden="true" class="far fa-file-pdf"></i>			</span>
									<span class="elementor-button-text">Estatutos</span>
					</span>
					</a>
				</div>
								</div>
				</div>
					</div>
		</div>
					</div>
		</section>
					</div>
		</div>
					</div>
		</section>
				<section class="elementor-section elementor-top-section elementor-element elementor-element-9f7522b elementor-section-boxed elementor-section-height-default elementor-section-height-default" data-id="9f7522b" data-element_type="section" data-e-type="section">
						<div class="elementor-container elementor-column-gap-default">
					<div class="elementor-column elementor-col-100 elementor-top-column elementor-element elementor-element-071a880" data-id="071a880" data-element_type="column" data-e-type="column">
			<div class="elementor-widget-wrap elementor-element-populated">
						<div class="elementor-element elementor-element-e288833 elementor-widget elementor-widget-heading" data-id="e288833" data-element_type="widget" data-e-type="widget" data-widget_type="heading.default">
				<div class="elementor-widget-container">
					<h4 class="elementor-heading-title elementor-size-default">Junta Plataforma  Fosas de Paterna​</h4>				</div>
				</div>
					</div>
		</div>
					</div>
		</section>
				<section class="elementor-section elementor-top-section elementor-element elementor-element-dabe693 elementor-section-boxed elementor-section-height-default elementor-section-height-default" data-id="dabe693" data-element_type="section" data-e-type="section">
						<div class="elementor-container elementor-column-gap-default">
					<div class="elementor-column elementor-col-100 elementor-top-column elementor-element elementor-element-be40267" data-id="be40267" data-element_type="column" data-e-type="column">
			<div class="elementor-widget-wrap elementor-element-populated">
						<div class="elementor-element elementor-element-9abf8af elementor-widget elementor-widget-text-editor" data-id="9abf8af" data-element_type="widget" data-e-type="widget" data-widget_type="text-editor.default">
				<div class="elementor-widget-container">
									<ul><li><p class="p2"><span style="background-color: var(--nv-site-bg); color: var(--nv-text-color); font-family: Graphik,-apple-system,BlinkMacSystemFont,Segoe UI,var(--nv-fallback-ff); letter-spacing: 0px;">La junta de la Plataforma está compuesta por:</span></p><ul class="ul1"><li style="list-style-type: none;"><ul class="ul1"><li style="list-style-type: none;"><ul class="ul1"><li style="list-style-type: none;"><ul class="ul1"><li style="list-style-type: none;"><ul class="ul1"><li style="list-style-type: none;"><ul class="ul1"><li style="list-style-type: none;"><ul class="ul1"><li class="li3"><b>Presidencia</b>: Amparo Belmonte Orts</li><li class="li3"><b>Vicepresidencia</b>: Pedro Luis Alonso Gutiérrez</li><li class="li3"><b>Secretaría</b>: Daniel Galán Valero</li><li class="li3"><b>Tesorería</b>: Carolina Martínez Murcia</li><li class="li3"><b>Vocal</b>: Isabel Gómez Iranzo</li></ul></li></ul></li></ul></li></ul></li></ul></li></ul></li></ul></li></ul>								</div>
				</div>
					</div>
		</div>
					</div>
		</section>
				</div>

<p>  La PLATAFORMA DE ASOCIACIONES DE FAMILIARES DE VíCTIMAS DEL FRANQUISMO DE LAS FOSAS COMUNES DE PATERNA se constituyó el 4 de marzo de 2019 y reune a más de 500 familias repartidas por todo el territorio español. Es una federación que agrupa a diversas asociaciones de familiares de personas represaliadas por el franquismo y&hellip;&nbsp;<a href="https://plataformafosaspaterna.org/?page_id=3041" class="" rel="bookmark">Leer más &raquo;<span class="screen-reader-text">Quiénes somos</span></a></p>
