{"id":3877,"date":"2021-02-01T22:03:46","date_gmt":"2021-02-01T22:03:46","guid":{"rendered":"https:\/\/plataformafosaspaterna.org\/?page_id=3877"},"modified":"2021-02-01T22:11:22","modified_gmt":"2021-02-01T22:11:22","slug":"politica-de-privacitat","status":"publish","type":"page","link":"https:\/\/plataformafosaspaterna.org\/?page_id=3877","title":{"rendered":"Pol\u00edtica de Privacitat"},"content":{"rendered":"<p><b>QUI SOM I PER A QU\u00c9 EMPREM LES DADES PERSONALS<\/b><\/p>\n<p><span style=\"font-weight: 400;\">La Plataforma d&#8217;Associacions de Familiars de V\u00edctimes del Franquisme de les Fosses Comunes de Paterna \u00e9s, a efectes jur\u00eddics, una federaci\u00f3 sense finalitat lucrativa registrada amb el n\u00famero CV-02-060297-V en el Registre d&#8217;Associacions de la Comunitat Valenciana.<\/span><\/p>\n<p><span style=\"font-weight: 400;\">Es considera dades personals qualsevol tipus d&#8217;informaci\u00f3 d&#8217;una persona f\u00edsica que permet la seva identificaci\u00f3 o localitzaci\u00f3, o b\u00e9 la possibilitat de contacte.<\/span><\/p>\n<p><b>DRETS DE L&#8217;USUARI EN RELACI\u00d3 AL TRACTAMENT DE DADES<\/b><\/p>\n<p><span style=\"font-weight: 400;\">En relaci\u00f3 a les dades personals proporcionades directament a la Plataforma, l&#8217;usuari compta amb aquesta s\u00e8rie de drets:<\/span><\/p>\n<ul>\n<li style=\"font-weight: 400;\" aria-level=\"1\"><span style=\"font-weight: 400;\">Saber per a qu\u00e9 demanem les seues dades personales.<\/span><\/li>\n<li style=\"font-weight: 400;\" aria-level=\"1\"><span style=\"font-weight: 400;\">Sol\u00b7licitar acc\u00e9s a les seues dades personals en un format com\u00fa.<\/span><\/li>\n<li style=\"font-weight: 400;\" aria-level=\"1\"><span style=\"font-weight: 400;\">Sol\u00b7licitar que les seues dades es rectifiquen si no s\u00f3n correctes.<\/span><\/li>\n<li style=\"font-weight: 400;\" aria-level=\"1\"><span style=\"font-weight: 400;\">Sol\u00b7licitar en qualsevol moment la supressi\u00f3 de les seues dades personals de les bases de dades de la Coordinadora.<\/span><\/li>\n<li style=\"font-weight: 400;\" aria-level=\"1\"><span style=\"font-weight: 400;\">Revocar el consentiment per a qualsevol tractament anterior de les seues dades personals dins d&#8217;aquesta p\u00e0gina web.<\/span><\/li>\n<\/ul>\n<p><span style=\"font-weight: 400;\">El correu electr\u00f2nic de la Plataforma on pot posar-se en contacte amb nosaltres per a poder exercir els seus drets \u00e9s plataformafosaspaterna@gmail.com<\/span><\/p>\n<p><b>ALTRES ACLARACIONS<\/b><\/p>\n<p><span style=\"font-weight: 400;\">Si eres menor d&#8217;edat, et preguem que no introdu\u00efsques cap dada personal o sobre la teua fam\u00edlia. En cas de dubte o de necessitats que facen necess\u00e0ria la introducci\u00f3 de les teues dades personals, demana el perm\u00eds dels teus pares o tutor legal.<\/span><\/p>\n<p><span style=\"font-weight: 400;\">Aquesta web est\u00e0 dissenyada amb WordPress<\/span><span style=\"font-weight: 400;\">.<\/span><\/p>\n","protected":false},"excerpt":{"rendered":"<p>QUI SOM I PER A QU\u00c9 EMPREM LES DADES PERSONALS La Plataforma d&#8217;Associacions de Familiars de V\u00edctimes del Franquisme de les Fosses Comunes de Paterna \u00e9s, a efectes jur\u00eddics, una federaci\u00f3 sense finalitat lucrativa registrada amb el n\u00famero CV-02-060297-V en el Registre d&#8217;Associacions de la Comunitat Valenciana. Es considera dades personals qualsevol tipus d&#8217;informaci\u00f3 d&#8217;una&hellip;&nbsp;<a href=\"https:\/\/plataformafosaspaterna.org\/?page_id=3877\" class=\"\" rel=\"bookmark\">Leer m\u00e1s &raquo;<span class=\"screen-reader-text\">Pol\u00edtica de Privacitat<\/span><\/a><\/p>\n","protected":false},"author":6,"featured_media":0,"parent":0,"menu_order":0,"comment_status":"closed","ping_status":"closed","template":"","meta":{"_monsterinsights_skip_tracking":false,"_monsterinsights_sitenote_active":false,"_monsterinsights_sitenote_note":"","_monsterinsights_sitenote_category":0,"neve_meta_sidebar":"full-width","neve_meta_container":"","neve_meta_enable_content_width":"off","neve_meta_content_width":100,"neve_meta_title_alignment":"","neve_meta_author_avatar":"","neve_post_elements_order":"","neve_meta_disable_header":"","neve_meta_disable_footer":"","neve_meta_disable_title":"","footnotes":""},"class_list":["post-3877","page","type-page","status-publish","hentry"],"lang":"ca","translations":{"ca":3877},"pll_sync_post":[],"_links":{"self":[{"href":"https:\/\/plataformafosaspaterna.org\/index.php?rest_route=\/wp\/v2\/pages\/3877","targetHints":{"allow":["GET"]}}],"collection":[{"href":"https:\/\/plataformafosaspaterna.org\/index.php?rest_route=\/wp\/v2\/pages"}],"about":[{"href":"https:\/\/plataformafosaspaterna.org\/index.php?rest_route=\/wp\/v2\/types\/page"}],"author":[{"embeddable":true,"href":"https:\/\/plataformafosaspaterna.org\/index.php?rest_route=\/wp\/v2\/users\/6"}],"replies":[{"embeddable":true,"href":"https:\/\/plataformafosaspaterna.org\/index.php?rest_route=%2Fwp%2Fv2%2Fcomments&post=3877"}],"version-history":[{"count":4,"href":"https:\/\/plataformafosaspaterna.org\/index.php?rest_route=\/wp\/v2\/pages\/3877\/revisions"}],"predecessor-version":[{"id":3890,"href":"https:\/\/plataformafosaspaterna.org\/index.php?rest_route=\/wp\/v2\/pages\/3877\/revisions\/3890"}],"wp:attachment":[{"href":"https:\/\/plataformafosaspaterna.org\/index.php?rest_route=%2Fwp%2Fv2%2Fmedia&parent=3877"}],"curies":[{"name":"wp","href":"https:\/\/api.w.org\/{rel}","templated":true}]}}

Política de Privacitat

<p><b>QUI SOM I PER A QUÉ EMPREM LES DADES PERSONALS</b></p>
<p><span style="font-weight: 400;">La Plataforma d&#8217;Associacions de Familiars de Víctimes del Franquisme de les Fosses Comunes de Paterna és, a efectes jurídics, una federació sense finalitat lucrativa registrada amb el número CV-02-060297-V en el Registre d&#8217;Associacions de la Comunitat Valenciana.</span></p>
<p><span style="font-weight: 400;">Es considera dades personals qualsevol tipus d&#8217;informació d&#8217;una persona física que permet la seva identificació o localització, o bé la possibilitat de contacte.</span></p>
<p><b>DRETS DE L&#8217;USUARI EN RELACIÓ AL TRACTAMENT DE DADES</b></p>
<p><span style="font-weight: 400;">En relació a les dades personals proporcionades directament a la Plataforma, l&#8217;usuari compta amb aquesta sèrie de drets:</span></p>
<ul>
<li style="font-weight: 400;" aria-level="1"><span style="font-weight: 400;">Saber per a qué demanem les seues dades personales.</span></li>
<li style="font-weight: 400;" aria-level="1"><span style="font-weight: 400;">Sol·licitar accés a les seues dades personals en un format comú.</span></li>
<li style="font-weight: 400;" aria-level="1"><span style="font-weight: 400;">Sol·licitar que les seues dades es rectifiquen si no són correctes.</span></li>
<li style="font-weight: 400;" aria-level="1"><span style="font-weight: 400;">Sol·licitar en qualsevol moment la supressió de les seues dades personals de les bases de dades de la Coordinadora.</span></li>
<li style="font-weight: 400;" aria-level="1"><span style="font-weight: 400;">Revocar el consentiment per a qualsevol tractament anterior de les seues dades personals dins d&#8217;aquesta pàgina web.</span></li>
</ul>
<p><span style="font-weight: 400;">El correu electrònic de la Plataforma on pot posar-se en contacte amb nosaltres per a poder exercir els seus drets és plataformafosaspaterna@gmail.com</span></p>
<p><b>ALTRES ACLARACIONS</b></p>
<p><span style="font-weight: 400;">Si eres menor d&#8217;edat, et preguem que no introduïsques cap dada personal o sobre la teua família. En cas de dubte o de necessitats que facen necessària la introducció de les teues dades personals, demana el permís dels teus pares o tutor legal.</span></p>
<p><span style="font-weight: 400;">Aquesta web està dissenyada amb WordPress</span><span style="font-weight: 400;">.</span></p>

<p>QUI SOM I PER A QUÉ EMPREM LES DADES PERSONALS La Plataforma d&#8217;Associacions de Familiars de Víctimes del Franquisme de les Fosses Comunes de Paterna és, a efectes jurídics, una federació sense finalitat lucrativa registrada amb el número CV-02-060297-V en el Registre d&#8217;Associacions de la Comunitat Valenciana. Es considera dades personals qualsevol tipus d&#8217;informació d&#8217;una&hellip;&nbsp;<a href="https://plataformafosaspaterna.org/?page_id=3877" class="" rel="bookmark">Leer más &raquo;<span class="screen-reader-text">Política de Privacitat</span></a></p>
